 3 + 0*v - 7*v - v. Let q(i) = i**3 + 2*i**2 - 3*i - 3. Let n be q(-3). What are the prime factors of w(n)?
2, 3
Suppose -251 = -9*t - 62. List the prime factors of t.
3, 7
Let l(i) = 3 + 3*i - 6*i - i**2 + 1. Let r be l(-4). Suppose -4*h + 40 = -2*b, 5*h - 2*b + r*b - 49 = 0. What are the prime factors of h?
3
Let w(x) be the third derivative of x**6/8 - 2*x**2. Let r be w(1). List the prime factors of ((-12)/r)/(2/(-5)).
2
Let q = -4 + 4. Suppose 4*p - 3 = -3*d, q = -p + 3*p + 5*d - 5. What are the prime factors of p/(4/2) - -4?
2
Let l(q) = q - 9. Let k be l(12). Let v be k - (-55 - (1 + 0)). Suppose -3*h = 4*b - v, 4*h + 2*b - 76 = -4. List the prime factors of h.
17
Suppose 59 = 6*t - 235. List the prime factors of t.
7
What are the prime factors of ((-84)/(-9) - 1)*3?
5
Suppose -3*l + 161 = -4*o, l + l + 2*o - 84 = 0. What are the prime factors of l?
47
Suppose 5*r = 4*b - 135, -7 - 98 = -2*b - 5*r. List the prime factors of b.
2, 5
Let s(a) be the second derivative of -a**3/2 + 3*a**2 + 6*a. List the prime factors of s(-3).
3, 5
Let w(h) = -h**3 - 2*h**2 + 16*h + 14. List the prime factors of w(-6).
2, 31
Let d be (9 - 2 - 2)*1. Suppose d*k - 4 = k. Suppose -5*i + k = -4*y - 11, 0 = -2*i + 4*y. List the prime factors of i.
2
Suppose -3*o - 145 + 409 = 0. List the prime factors of o.
2, 11
Let r(v) = -3*v**3 - 2*v - 4. What are the prime factors of r(-2)?
2, 3
Suppose f - 6*c - 144 = -c, -5*c + 273 = 2*f. What are the prime factors of f?
139
Suppose -2*g + 9 + 1 = 0. Suppose g = -2*w - 7. What are the prime factors of (-20)/w + 1/(-3)?
3
Suppose -10 = -g - 7. Suppose g*s = 6*s - 99. What are the prime factors of s?
3, 11
Suppose d + d = 5*a - 385, 250 = 3*a - 5*d. What are the prime factors of a?
3, 5
Suppose 3*l + 4 - 1 = 0. Let c = 8 + l. List the prime factors of c.
7
Let o be ((-8)/10)/(2/(-5)). Let n be o - 12/(1 + 2). List the prime factors of 50/4 - n/4.
13
Let o(l) = -8*l**3 + l**2 - l - 3. List the prime factors of o(-2).
67
Let q(x) = 4*x**2 - 6*x + 5. Let p be q(4). Suppose -8*d + p = -3*d. What are the prime factors of d?
3
Let l(j) = 21*j + 1. What are the prime factors of l(4)?
5, 17
Suppose -j - x + 3*x = 7, 4 = -x. Let b = 55 + j. Let m = 60 - b. List the prime factors of m.
2, 5
Suppose -5 = b - 26. Let r = b - 10. What are the prime factors of r?
11
Suppose 33 = 2*u - 81. What are the prime factors of u?
3, 19
Let t(y) = 15*y**2. Let h be t(1). Suppose -8 = -k + h. List the prime factors of k.
23
Let h(a) = -a**2 - 9*a - 5. Suppose -2*n = 2*x - 1 + 3, -7 = -3*x - n. Suppose i + 2*i + 13 = -r, -2*r - x = -5*i. What are the prime factors of h(r)?
3
Let x = 60 + -3. List the prime factors of x.
3, 19
Let d(f) be the second derivative of -9*f**5/20 - f**2/2 - 3*f. Let g be d(-1). What are the prime factors of ((-10)/g + 0)*-4?
5
Suppose 19 + 59 = 2*c. What are the prime factors of c?
3, 13
Let r(v) = 2*v**2 + 3*v + 2. Let b be r(-2). Suppose -4*l + 0*y = -y - 19, -y = b*l - 29. What are the prime factors of l?
2, 3
Let l(f) = -10*f**3 + f**2 + f + 1. Suppose 6*b - 10 = 3*b + v, -4*v - 22 = -3*b. Suppose b*h = -2*h - 4. What are the prime factors of l(h)?
11
Let v = 53 + -19. What are the prime factors of v?
2, 17
Suppose 0*o = -2*o + 4. Let r = o + 0. What are the prime factors of r?
2
Suppose 14*j - 1906 = -254. What are the prime factors of j?
2, 59
Suppose 0 = -3*c + 3 + 12. Suppose -v - 1 = -c*g + 9, 5 = 4*v - 5*g. Let h = -3 + v. What are the prime factors of h?
2
Let v(p) = p**3 + 10*p**2 + p + 10. Let r be v(-10). Suppose 0*z - 2*z + 10 = r. Suppose -4*h + z = -39. What are the prime factors of h?
11
Let x = 58 - -27. List the prime factors of x.
5, 17
Let u be (-1)/((-3)/(-3)) + 4. Suppose u*n - 4 = -n. Let c = 4 - n. What are the prime factors of c?
3
List the prime factors of (-81)/(-12) - (1/4)/(-1).
7
Let y(w) = 7*w + 2. Let g be y(-2). Let v be 8/g + (-32)/(-3). Suppose 0 = o - 0*o - v. List the prime factors of o.
2, 5
Let l be 2/4 - (-3)/2. Let h be 3/3 - l - -9. Suppose -20 + h = -4*q. What are the prime factors of q?
3
Let o = 22 - 13. Let s(r) be the third derivative of r**6/120 - 2*r**5/15 - 7*r**4/24 - 11*r**3/6 + r**2. List the prime factors of s(o).
7
Suppose 2*s - 4 = 0, s = -2*v + 4*s + 628. What are the prime factors of v?
317
Let i(o) = 14*o + 18. List the prime factors of i(11).
2, 43
Suppose 2*i = -2*u + 5*u + 134, -3*i + 5*u + 203 = 0. List the prime factors of i.
61
Let h = 7 + -5. Suppose h*b + 3*b = 75. What are the prime factors of b?
3, 5
Let n(y) = 26*y + 5. Suppose 2*h = -3 - 7. Let l(d) = 17*d + 3. Let i(a) = h*n(a) + 8*l(a). List the prime factors of i(2).
11
Let l(h) = 4*h - 8. List the prime factors of l(8).
2, 3
Let j(o) = -o**2 - 10*o - 13. What are the prime factors of j(-8)?
3
Suppose 13*u = 11*u + 418. What are the prime factors of u?
11, 19
Let x(o) be the second derivative of 11*o**4/12 - o**3/3 + o**2/2 + 6*o. What are the prime factors of x(1)?
2, 5
Suppose -14 = -2*q + 4*a, 0*a - 1 = q + 2*a. Suppose 12 = z - q. What are the prime factors of z?
3, 5
Let c = 41 - -54. What are the prime factors of c?
5, 19
Suppose 7*m - 216 = m. What are the prime factors of m?
2, 3
What are the prime factors of (75/4)/(4 - (-628)/(-160))?
2, 5
Let l(i) = i**2 - 17*i - 17. Let f be l(19). Let j = 29 - 16. Let d = f - j. List the prime factors of d.
2
Let f = -3 + 6. Let c = 6 - f. Suppose 0 = -5*p - 2*m + 65, 0 = 2*p - 3*m - 2*m + c. What are the prime factors of p?
11
Let u be ((-36)/(-10) + -2)*5. Let d = -6 + u. List the prime factors of -2*d/(-4) - -11.
2, 3
What are the prime factors of (-4)/(0 - 2)*23?
2, 23
Let j = 12 + -5. Let k = j + -3. Suppose -a - k = -f - f, -5*f = 5*a - 40. List the prime factors of f.
2
Let r = 21 - -3. What are the prime factors of r?
2, 3
List the prime factors of 77 - (3 + -6 + 3).
7, 11
Suppose -2*u + 0*u + 8 = 0. Suppose -3*b - 3*s + 39 = -s, 2*b = u*s + 10. List the prime factors of b.
11
Let x = -8 - -6. List the prime factors of x/4*2*-5.
5
Suppose 5*a - 239 = 61. Suppose -n = -6*n + a. What are the prime factors of n?
2, 3
Let y = -7 + 12. Let i(b) = b. Let n be i(y). Suppose -3*r + n*k = -4*r - 1, 0 = r + 2*k - 11. List the prime factors of r.
19
List the prime factors of (-3 - (2 + -2)) + 21.
2, 3
Suppose 3*l - 135 - 141 = 0. List the prime factors of l.
2, 23
Let l be ((-3)/(-1))/(4/(-20)). Let p = 38 + l. What are the prime factors of p?
23
Suppose 3*w + 4*f + 4 = 0, -2*w + 0*f + 4*f = -4. Suppose h - 2*h - 6 = -4*x, -h + 3*x - 3 = w. List the prime factors of h.
2, 3
Suppose 2*i = 4*i - j - 29, 49 = 4*i - 5*j. Suppose -14*g - 8 = -i*g. List the prime factors of g.
2
Suppose 0 = 3*p - 0 - 51. Suppose 2*f + 27 = o, p + 85 = 5*o + f. What are the prime factors of o?
3, 7
Suppose -4*i - 20 = -52. Let t(g) = -g**2 + 9*g - 6. Let m be t(i). Suppose m = -3*a + 17, a = 3*k - 37. What are the prime factors of k?
2, 7
List the prime factors of (-1346)/(-14) + 1/(-7).
2, 3
Let d(q) = q. Let k(z) = 3*z + 3. Let n(b) = 4*d(b) - k(b). Let o = 5 + 1. List the prime factors of n(o).
3
Let g(b) = -5*b - 4*b - 2*b**2 + 3*b**2 + 6. Let c be (1 - 4/3)*-27. What are the prime factors of g(c)?
2, 3
Let a(i) be the third derivative of i**6/120 - 13*i**5/60 + i**4/12 - 3*i**3 - 2*i**2. List the prime factors of a(13).
2
Suppose 4*a = -a. Suppose -4*u + 0*q + 72 = 4*q, a = 4*u - q - 47. What are the prime factors of u?
13
Suppose 3*o = -0*o - 45. Let w = -3 - o. Suppose w = -4*k + 7*k. List the prime factors of k.
2
List the prime factors of (-204)/(-3) + 0/4.
2, 17
Let z(b) be the second derivative of -b**5/20 - 5*b**4/6 - b**3/6 - 6*b**2 - b. Let p be z(-10). List the prime factors of 2 + -4 - p*7.
2, 3
Suppose -3*x = -73 + 13. Suppose -12 = -4*d + d + 4*l, 5*d - x = l. Suppose -60 = -g - d*g. What are the prime factors of g?
2, 3
Let i = -15 + 21. Suppose w = i - 19. Let m = -5 - w. List the prime factors of m.
2
Suppose z - 4 = 4. Suppose d - z = -3*d. Suppose -1 = -d*n + 17. What are the prime factors of n?
3
Let v(o) = -o**3 + 10*o**2 - 8*o - 7. What are the prime factors of v(6)?
89
Let l(m) = m**3 - 5*m**2 + 6*m - 2. List the prime factors of l(4).
2, 3
Let o = -14 + 30. List the prime factors of o.
2
Suppose 3*b - a - 26 = 192, -2*b - 4*a + 164 = 0. List the